{"id":413,"date":"2024-01-28T20:42:09","date_gmt":"2024-01-28T19:42:09","guid":{"rendered":"http:\/\/melodielutton.com\/?page_id=413"},"modified":"2025-08-10T00:03:28","modified_gmt":"2025-08-09T22:03:28","slug":"projet-du-ventre","status":"publish","type":"page","link":"https:\/\/melodielutton.com\/index.php\/projet-du-ventre\/","title":{"rendered":"Projet-du-Ventre"},"content":{"rendered":"\n[et_pb_section fb_built=\u00a0\u00bb1&Prime; _builder_version=\u00a0\u00bb4.24.1&Prime; _module_preset=\u00a0\u00bbdefault\u00a0\u00bb global_colors_info=\u00a0\u00bb{}\u00a0\u00bb][et_pb_row _builder_version=\u00a0\u00bb4.24.0&Prime; _module_preset=\u00a0\u00bbdefault\u00a0\u00bb global_colors_info=\u00a0\u00bb{}\u00a0\u00bb][et_pb_column type=\u00a0\u00bb4_4&Prime; _builder_version=\u00a0\u00bb4.24.0&Prime; _module_preset=\u00a0\u00bbdefault\u00a0\u00bb global_colors_info=\u00a0\u00bb{}\u00a0\u00bb][et_pb_text module_id=\u00a0\u00bbprojet_du_ventre\u00a0\u00bb _builder_version=\u00a0\u00bb4.27.4&Prime; _module_preset=\u00a0\u00bbb49b350d-0217-4d78-aec9-d68b326ed51b\u00a0\u00bb hover_enabled=\u00a0\u00bb0&Prime; global_colors_info=\u00a0\u00bb{}\u00a0\u00bb sticky_enabled=\u00a0\u00bb0&Prime;]<h3 class=\"western\" align=\"CENTER\" style=\"text-align: center;\">Projet-du-Ventre<\/h3>[\/et_pb_text][et_pb_text _builder_version=\u00a0\u00bb4.27.4&Prime; _module_preset=\u00a0\u00bbdefault\u00a0\u00bb hover_enabled=\u00a0\u00bb0&Prime; global_colors_info=\u00a0\u00bb{}\u00a0\u00bb sticky_enabled=\u00a0\u00bb0&Prime;]<p style=\"text-align: left;\">Au commencement <strong>Projet-du-Ventre n\u2019est pas, du moins est-elle une entit\u00e9 incertaine qui ne demande qu\u2019\u00e0 advenir au monde.<\/strong><\/p>\n<p style=\"text-align: left;\">Enfin, elle advient. <strong>C\u2019est une petite fille, comme toutes les petites filles, sauf qu\u2019elle ne sait pas les limites de son corps et qu\u2019elle se distingue mal du paysage.<\/strong> Progressivement Projet-du-Ventre va grandir et tenter de d\u00e9terminer clairement les contours de son corps. Entre temps, <strong>elle aura rencontr\u00e9 Pleure-l\u2019Enfant et un chat<\/strong> qui ne sera pas sans jouer un r\u00f4le important dans les aventures qui l\u2019attendent\u2026<\/p>\n<p style=\"text-align: left;\">En 2016, je rencontre St\u00e9phan Riegel, auteur, po\u00e8te et artiste. Je lui propose de poser des mots sur un d\u00e9but de s\u00e9rie de peintures. Il cr\u00e9e l&rsquo;histoire Projet-du-Ventre. Nous \u00e9ditons un <strong>ouvrage limit\u00e9 de 300 exemplaires num\u00e9rot\u00e9s et imprim\u00e9s en juin 2018 gr\u00e2ce au soutien du collectif Espace (La RsY).<\/strong><\/p>[\/et_pb_text][dmg_masonry_gallery gallery=\u00a0\u00bb37,38,39,40,41,42,43,44,45,46,47,48,49,50,51,52,53,54,55,416,56,267,235223,235054,235053,235052&Prime; columns=\u00a0\u00bb2&Prime; gutter=\u00a0\u00bb30&Prime; modal_title=\u00a0\u00bbtitle_caption\u00a0\u00bb columns_tablet=\u00a0\u00bb1&Prime; columns_phone=\u00a0\u00bb1&Prime; columns_last_edited=\u00a0\u00bbon|phone\u00a0\u00bb _builder_version=\u00a0\u00bb4.27.4&Prime; _module_preset=\u00a0\u00bb22dec183-a738-4488-8792-812b92adf917&Prime; global_colors_info=\u00a0\u00bb{}\u00a0\u00bb][\/dmg_masonry_gallery][\/et_pb_column][\/et_pb_row][\/et_pb_section]\n","protected":false},"excerpt":{"rendered":"<p>Projet-du-VentreAu commencement Projet-du-Ventre n\u2019est pas, du moins est-elle une entit\u00e9 incertaine qui ne demande qu\u2019\u00e0 advenir au monde. Enfin, elle advient. C\u2019est une petite fille, comme toutes les petites filles, sauf qu\u2019elle ne sait pas les limites de son corps et qu\u2019elle se distingue mal du paysage. Progressivement Projet-du-Ventre va grandir et tenter de d\u00e9terminer [&hellip;]<\/p>\n","protected":false},"author":2,"featured_media":267,"parent":0,"menu_order":0,"comment_status":"closed","ping_status":"closed","template":"","meta":{"_et_pb_use_builder":"on","_et_pb_old_content":"","_et_gb_content_width":"","footnotes":""},"class_list":["post-413","page","type-page","status-publish","has-post-thumbnail","hentry"],"yoast_head":"<!-- This site is optimized with the Yoast SEO plugin v26.8 - https:\/\/yoast.com\/product\/yoast-seo-wordpress\/ -->\n<title>Projet-du-Ventre - Melodie Lutton<\/title>\n<meta name=\"robots\" content=\"index, follow, max-snippet:-1, max-image-preview:large, max-video-preview:-1\" \/>\n<link rel=\"canonical\" href=\"https:\/\/melodielutton.com\/index.php\/projet-du-ventre\/\" \/>\n<meta property=\"og:locale\" content=\"fr_FR\" \/>\n<meta property=\"og:type\" content=\"article\" \/>\n<meta property=\"og:title\" content=\"Projet-du-Ventre - Melodie Lutton\" \/>\n<meta property=\"og:description\" content=\"Projet-du-VentreAu commencement Projet-du-Ventre n\u2019est pas, du moins est-elle une entit\u00e9 incertaine qui ne demande qu\u2019\u00e0 advenir au monde. Enfin, elle advient. C\u2019est une petite fille, comme toutes les petites filles, sauf qu\u2019elle ne sait pas les limites de son corps et qu\u2019elle se distingue mal du paysage. Progressivement Projet-du-Ventre va grandir et tenter de d\u00e9terminer [&hellip;]\" \/>\n<meta property=\"og:url\" content=\"https:\/\/melodielutton.com\/index.php\/projet-du-ventre\/\" \/>\n<meta property=\"og:site_name\" content=\"Melodie Lutton\" \/>\n<meta property=\"article:modified_time\" content=\"2025-08-09T22:03:28+00:00\" \/>\n<meta property=\"og:image\" content=\"https:\/\/melodielutton.com\/wp-content\/uploads\/2024\/01\/1-projetduventremelodieluttonjpg-scaled.jpg\" \/>\n\t<meta property=\"og:image:width\" content=\"2560\" \/>\n\t<meta property=\"og:image:height\" content=\"1932\" \/>\n\t<meta property=\"og:image:type\" content=\"image\/jpeg\" \/>\n<meta name=\"twitter:card\" content=\"summary_large_image\" \/>\n<meta name=\"twitter:label1\" content=\"Dur\u00e9e de lecture estim\u00e9e\" \/>\n\t<meta name=\"twitter:data1\" content=\"7 minutes\" \/>\n<script type=\"application\/ld+json\" class=\"yoast-schema-graph\">{\"@context\":\"https:\/\/schema.org\",\"@graph\":[{\"@type\":\"WebPage\",\"@id\":\"https:\/\/melodielutton.com\/index.php\/projet-du-ventre\/\",\"url\":\"https:\/\/melodielutton.com\/index.php\/projet-du-ventre\/\",\"name\":\"Projet-du-Ventre - Melodie Lutton\",\"isPartOf\":{\"@id\":\"https:\/\/melodielutton.com\/#website\"},\"primaryImageOfPage\":{\"@id\":\"https:\/\/melodielutton.com\/index.php\/projet-du-ventre\/#primaryimage\"},\"image\":{\"@id\":\"https:\/\/melodielutton.com\/index.php\/projet-du-ventre\/#primaryimage\"},\"thumbnailUrl\":\"https:\/\/melodielutton.com\/wp-content\/uploads\/2024\/01\/1-projetduventremelodieluttonjpg-scaled.jpg\",\"datePublished\":\"2024-01-28T19:42:09+00:00\",\"dateModified\":\"2025-08-09T22:03:28+00:00\",\"breadcrumb\":{\"@id\":\"https:\/\/melodielutton.com\/index.php\/projet-du-ventre\/#breadcrumb\"},\"inLanguage\":\"fr-FR\",\"potentialAction\":[{\"@type\":\"ReadAction\",\"target\":[\"https:\/\/melodielutton.com\/index.php\/projet-du-ventre\/\"]}]},{\"@type\":\"ImageObject\",\"inLanguage\":\"fr-FR\",\"@id\":\"https:\/\/melodielutton.com\/index.php\/projet-du-ventre\/#primaryimage\",\"url\":\"https:\/\/melodielutton.com\/wp-content\/uploads\/2024\/01\/1-projetduventremelodieluttonjpg-scaled.jpg\",\"contentUrl\":\"https:\/\/melodielutton.com\/wp-content\/uploads\/2024\/01\/1-projetduventremelodieluttonjpg-scaled.jpg\",\"width\":2560,\"height\":1932},{\"@type\":\"BreadcrumbList\",\"@id\":\"https:\/\/melodielutton.com\/index.php\/projet-du-ventre\/#breadcrumb\",\"itemListElement\":[{\"@type\":\"ListItem\",\"position\":1,\"name\":\"Accueil\",\"item\":\"https:\/\/melodielutton.com\/\"},{\"@type\":\"ListItem\",\"position\":2,\"name\":\"Projet-du-Ventre\"}]},{\"@type\":\"WebSite\",\"@id\":\"https:\/\/melodielutton.com\/#website\",\"url\":\"https:\/\/melodielutton.com\/\",\"name\":\"Melodie Lutton\",\"description\":\"\",\"publisher\":{\"@id\":\"https:\/\/melodielutton.com\/#\/schema\/person\/11040da58d9986b63766d9a7a8bef386\"},\"potentialAction\":[{\"@type\":\"SearchAction\",\"target\":{\"@type\":\"EntryPoint\",\"urlTemplate\":\"https:\/\/melodielutton.com\/?s={search_term_string}\"},\"query-input\":{\"@type\":\"PropertyValueSpecification\",\"valueRequired\":true,\"valueName\":\"search_term_string\"}}],\"inLanguage\":\"fr-FR\"},{\"@type\":[\"Person\",\"Organization\"],\"@id\":\"https:\/\/melodielutton.com\/#\/schema\/person\/11040da58d9986b63766d9a7a8bef386\",\"name\":\"MelodieLutton\",\"image\":{\"@type\":\"ImageObject\",\"inLanguage\":\"fr-FR\",\"@id\":\"https:\/\/melodielutton.com\/#\/schema\/person\/image\/\",\"url\":\"https:\/\/melodielutton.com\/wp-content\/uploads\/2025\/08\/Spleen-1024x478.png\",\"contentUrl\":\"https:\/\/melodielutton.com\/wp-content\/uploads\/2025\/08\/Spleen-1024x478.png\",\"width\":1024,\"height\":478,\"caption\":\"MelodieLutton\"},\"logo\":{\"@id\":\"https:\/\/melodielutton.com\/#\/schema\/person\/image\/\"},\"sameAs\":[\"http:\/\/melodielutton.com\"]}]}<\/script>\n<!-- \/ Yoast SEO plugin. -->","yoast_head_json":{"title":"Projet-du-Ventre - Melodie Lutton","robots":{"index":"index","follow":"follow","max-snippet":"max-snippet:-1","max-image-preview":"max-image-preview:large","max-video-preview":"max-video-preview:-1"},"canonical":"https:\/\/melodielutton.com\/index.php\/projet-du-ventre\/","og_locale":"fr_FR","og_type":"article","og_title":"Projet-du-Ventre - Melodie Lutton","og_description":"Projet-du-VentreAu commencement Projet-du-Ventre n\u2019est pas, du moins est-elle une entit\u00e9 incertaine qui ne demande qu\u2019\u00e0 advenir au monde. Enfin, elle advient. C\u2019est une petite fille, comme toutes les petites filles, sauf qu\u2019elle ne sait pas les limites de son corps et qu\u2019elle se distingue mal du paysage. Progressivement Projet-du-Ventre va grandir et tenter de d\u00e9terminer [&hellip;]","og_url":"https:\/\/melodielutton.com\/index.php\/projet-du-ventre\/","og_site_name":"Melodie Lutton","article_modified_time":"2025-08-09T22:03:28+00:00","og_image":[{"width":2560,"height":1932,"url":"https:\/\/melodielutton.com\/wp-content\/uploads\/2024\/01\/1-projetduventremelodieluttonjpg-scaled.jpg","type":"image\/jpeg"}],"twitter_card":"summary_large_image","twitter_misc":{"Dur\u00e9e de lecture estim\u00e9e":"7 minutes"},"schema":{"@context":"https:\/\/schema.org","@graph":[{"@type":"WebPage","@id":"https:\/\/melodielutton.com\/index.php\/projet-du-ventre\/","url":"https:\/\/melodielutton.com\/index.php\/projet-du-ventre\/","name":"Projet-du-Ventre - Melodie Lutton","isPartOf":{"@id":"https:\/\/melodielutton.com\/#website"},"primaryImageOfPage":{"@id":"https:\/\/melodielutton.com\/index.php\/projet-du-ventre\/#primaryimage"},"image":{"@id":"https:\/\/melodielutton.com\/index.php\/projet-du-ventre\/#primaryimage"},"thumbnailUrl":"https:\/\/melodielutton.com\/wp-content\/uploads\/2024\/01\/1-projetduventremelodieluttonjpg-scaled.jpg","datePublished":"2024-01-28T19:42:09+00:00","dateModified":"2025-08-09T22:03:28+00:00","breadcrumb":{"@id":"https:\/\/melodielutton.com\/index.php\/projet-du-ventre\/#breadcrumb"},"inLanguage":"fr-FR","potentialAction":[{"@type":"ReadAction","target":["https:\/\/melodielutton.com\/index.php\/projet-du-ventre\/"]}]},{"@type":"ImageObject","inLanguage":"fr-FR","@id":"https:\/\/melodielutton.com\/index.php\/projet-du-ventre\/#primaryimage","url":"https:\/\/melodielutton.com\/wp-content\/uploads\/2024\/01\/1-projetduventremelodieluttonjpg-scaled.jpg","contentUrl":"https:\/\/melodielutton.com\/wp-content\/uploads\/2024\/01\/1-projetduventremelodieluttonjpg-scaled.jpg","width":2560,"height":1932},{"@type":"BreadcrumbList","@id":"https:\/\/melodielutton.com\/index.php\/projet-du-ventre\/#breadcrumb","itemListElement":[{"@type":"ListItem","position":1,"name":"Accueil","item":"https:\/\/melodielutton.com\/"},{"@type":"ListItem","position":2,"name":"Projet-du-Ventre"}]},{"@type":"WebSite","@id":"https:\/\/melodielutton.com\/#website","url":"https:\/\/melodielutton.com\/","name":"Melodie Lutton","description":"","publisher":{"@id":"https:\/\/melodielutton.com\/#\/schema\/person\/11040da58d9986b63766d9a7a8bef386"},"potentialAction":[{"@type":"SearchAction","target":{"@type":"EntryPoint","urlTemplate":"https:\/\/melodielutton.com\/?s={search_term_string}"},"query-input":{"@type":"PropertyValueSpecification","valueRequired":true,"valueName":"search_term_string"}}],"inLanguage":"fr-FR"},{"@type":["Person","Organization"],"@id":"https:\/\/melodielutton.com\/#\/schema\/person\/11040da58d9986b63766d9a7a8bef386","name":"MelodieLutton","image":{"@type":"ImageObject","inLanguage":"fr-FR","@id":"https:\/\/melodielutton.com\/#\/schema\/person\/image\/","url":"https:\/\/melodielutton.com\/wp-content\/uploads\/2025\/08\/Spleen-1024x478.png","contentUrl":"https:\/\/melodielutton.com\/wp-content\/uploads\/2025\/08\/Spleen-1024x478.png","width":1024,"height":478,"caption":"MelodieLutton"},"logo":{"@id":"https:\/\/melodielutton.com\/#\/schema\/person\/image\/"},"sameAs":["http:\/\/melodielutton.com"]}]}},"_links":{"self":[{"href":"https:\/\/melodielutton.com\/index.php\/wp-json\/wp\/v2\/pages\/413","targetHints":{"allow":["GET"]}}],"collection":[{"href":"https:\/\/melodielutton.com\/index.php\/wp-json\/wp\/v2\/pages"}],"about":[{"href":"https:\/\/melodielutton.com\/index.php\/wp-json\/wp\/v2\/types\/page"}],"author":[{"embeddable":true,"href":"https:\/\/melodielutton.com\/index.php\/wp-json\/wp\/v2\/users\/2"}],"replies":[{"embeddable":true,"href":"https:\/\/melodielutton.com\/index.php\/wp-json\/wp\/v2\/comments?post=413"}],"version-history":[{"count":30,"href":"https:\/\/melodielutton.com\/index.php\/wp-json\/wp\/v2\/pages\/413\/revisions"}],"predecessor-version":[{"id":235521,"href":"https:\/\/melodielutton.com\/index.php\/wp-json\/wp\/v2\/pages\/413\/revisions\/235521"}],"wp:featuredmedia":[{"embeddable":true,"href":"https:\/\/melodielutton.com\/index.php\/wp-json\/wp\/v2\/media\/267"}],"wp:attachment":[{"href":"https:\/\/melodielutton.com\/index.php\/wp-json\/wp\/v2\/media?parent=413"}],"curies":[{"name":"wp","href":"https:\/\/api.w.org\/{rel}","templated":true}]}}